= 7*u + 5. Let o(z) = -10*z - 7. Let r(w) = -5*o(w) - 7*x(w). Suppose 2*n - 54 = -2*q, -2*n + 2*q + 38 + 20 = 0. Suppose 25*y = 32*y + n. What is r(y)?
-4
Let n(m) = -m + 1. Let d = -9 - -6. Let z(y) = 6*y + 24. Let u be z(d). Determine n(u).
-5
Let f(z) = -2*z**2 - 26*z + 33. Let y be f(-14). Let w(a) = 9*a - 3 - 3*a - y + 4. Calculate w(3).
14
Let q(i) be the first derivative of -i**4/4 + i**3/3 - 23*i + 307. What is q(0)?
-23
Let y(m) = -4*m + 5. Let b = -886 - -886. Determine y(b).
5
Let v(z) = 5 - 41*z - 6 + 7 + 40*z. What is v(-4)?
10
Let l(n) be the first derivative of -1/4*n**4 + 1/2*n**2 - 3 + 3*n**3 - 2*n. Give l(9).
7
Suppose 0 = -2*t - 15 - 13. Suppose -2*l = 15 + 3. Let x = l - t. Let v(p) = -p**3 + 5*p**2 - 2*p - 3. What is v(x)?
-13
Let r(n) be the second derivative of 1/20*n**5 + 0 - 1/6*n**3 - 5/12*n**4 - 22*n - 2*n**2. Determine r(5).
-9
Let x(y) be the first derivative of y**4/4 - 2*y**3 - 8*y**2 - 10*y - 430. Calculate x(8).
-10
Let m(n) = -4*n**2 + 5*n + 1. Let w(p) = -p**2 + 1. Let k(z) = m(z) - 3*w(z). Let x be 14 + (-4 - 1 - -3). Let l = -10 + x. Determine k(l).
4
Let q(c) = -2*c - 3. Suppose -12 = 5*j - 3*j. What is q(j)?
9
Let d(m) = -m + 16. Let t be 2 - -33 - (6 + -10). Let n = -28 + t. Let s be d(n). Let h(r) = r**2 - 4*r - 2. Give h(s).
3
Let y = -1333 + 1341. Let k(l) = -2*l + 11. Determine k(y).
-5
Let m be (-3)/(-18)*(-15 + 15). Let b(n) = -5 - 3*n + 4*n + 2. What is b(m)?
-3
Suppose 35 = -3*b - 4*i, -4*i = 6 + 2. Let r(z) = 2*z + 9. What is r(b)?
-9
Let t(s) = 1 - s + 1 + 3. Let o(v) = v**2 + 17*v + 72. Let l be o(-9). Determine t(l).
5
Let i(m) = 14*m**3 + 1 - 6*m - 6*m**3 - 9*m**3 + 7*m**2 + 6*m - 6*m. Give i(6).
1
Suppose -q + 4*y = 23, 2*q - 1 = -y + 16. Let l(p) be the first derivative of -p**2/2 + 1. Determine l(q).
-5
Let c be 15*-3*(-5)/15. Let v be (6/10)/(-1)*-10. Suppose p + c = v*p. Let d(z) = z. Give d(p).
3
Let q(l) = l**3 + 26*l**2 - 26*l + 37. Let d be q(-27). Let u(b) = 3*b - 26. Give u(d).
4
Let c(b) be the third derivative of 15*b**2 - 1/120*b**6 - 5/12*b**4 - 4/3*b**3 - 2/15*b**5 + 2*b + 0. Give c(-6).
-20
Let c be (-4)/((-8)/6) + -1. Suppose -t - 1 = -4*w, 0 = c*t - w + 3*w + 12. Let y(d) = d. Let q(g) = 6*g + 5. Let s(p) = -q(p) + 4*y(p). Calculate s(t).
5
Suppose -3 = 2*r + 11. Let x(m) = -9*m - 43. Let d(s) = 13*s + 62. Let p(f) = -5*d(f) - 7*x(f). Calculate p(r).
5
Let a be (224/(-40) + 6)*-10. Let t(q) = q**3 + 4*q**2 - 4*q. Give t(a).
16
Let i(p) = 4*p + 19. Let o = -3310 + 3300. What is i(o)?
-21
Let v(w) = w**2 - 4*w + 7. Let m be (-4)/34 + (-3380)/170. Let j be 51/15 - (-8)/m. Suppose j*k + 5 = 4*k. Determine v(k).
12
Let o(r) = r + r - 3*r + 50*r**2 - 44*r**2. What is o(-1)?
7
Let c = -13 + 6. Let g(l) = 2*l - 8. Let f be (-3)/(4 + -1) - -4. Let o(s) = 3*s - 16. Let u(r) = f*o(r) - 5*g(r). Calculate u(c).
-1
Suppose 3*d + m - 7 = -3*m, 4*d + 5*m = 10. Let f(t) = -6*t + 2*t + d*t - 1 - 4*t. Calculate f(5).
-16
Let t be (-4)/(-6)*12/(-2). Let c be (3 + t)*(0 + -1). Let i(q) be the second derivative of q**4/3 + q**3/6 + 5*q - 15. Give i(c).
5
Let m(l) = l**3 - 9*l + 1. Let q be m(3). Let v(r) = -r + 1. Determine v(q).
0
Let c(x) = x. Let g be c(-4). Let i(k) be the second derivative of -k**3/6 - k**2 + 285*k. What is i(g)?
2
Suppose m - 17 + 7 = 3*x, 0 = -4*m - 5*x + 6. Suppose -5*i - 2*g = -11 - 7, 0 = -m*g + 16. Let f(o) = 4*o. Calculate f(i).
8
Let u(k) = k**2 + 3*k + 1. Let s(j) = -2*j**2 - 4*j - 1. Let a(t) = 2*s(t) + 3*u(t). Suppose 6 = 3*l + 4*y, -14*y - 1 = -l - 15*y. Determine a(l).
-5
Let g(z) = z**3 - 7*z**2 + 7*z - 8. Let f(r) = 83*r - 243. Let m be f(3). Determine g(m).
-2
Let z(c) be the second derivative of c**4/6 - c**3/2 - 7*c**2/2 + 236*c. What is z(5)?
28
Let o(y) be the third derivative of -y**5/60 - 13*y**4/24 - 17*y**3/3 - 6*y**2 - 57. Give o(-10).
-4
Let p(c) = c**3 + 5*c**2 + c - 4. Suppose 171 - 21 = -5*n. Let y be ((-18)/n)/((-1)/(-15)). Suppose -y = 2*w + h, -5*h + 3*h = w + 3. What is p(w)?
-9
Let h(g) = g + 16. Let i be (6 - (-35)/(-5)) + -10. What is h(i)?
5
Suppose 0 = j + 3*j + 16. Let y(p) be the third derivative of -p**6/120 - p**5/12 - p**4/12 - p**3/3 + 22*p**2. Give y(j).
-10
Let o(u) be the second derivative of -u**3/2 + 7*u**2/2 - 4*u - 5. What is o(5)?
-8
Let f(o) = 2*o**2 - 4*o + 4. Let v be f(2). Suppose -k + 5 = v*k. Let n be k/((15/6)/5). Let p(h) = 2*h - 1. Calculate p(n).
3
Suppose -u + 110 = 5*m, -4*u + 3*m = -436 + 65. Let p = 100 - u. Let a(j) = j**3 - 6*j**2 + 6*j - 7. Determine a(p).
-2
Let f(q) = -2*q**3 + 3*q**2. Let z be 39/12 - (-2)/(-8). Suppose -65 = -2*r + 7*r + z*a, -5*a = 4*r + 65. Let y = -8 - r. Give f(y).
-4
Let s be (-15)/(-3) - (-153)/(-17). Let y(t) = t**2 - t. Let a(x) be the first derivative of 5*x**3/3 - x**2/2 - x - 2. Let j(o) = -a(o) + 4*y(o). What is j(s)?
-3
Let h(d) = -4*d + 62. Let z be h(15). Let b(r) be the third derivative of -z*r**2 + 0*r - 1/60*r**5 + 1/4*r**4 - 1/6*r**3 + 0. Give b(3).
8
Let x(n) be the second derivative of n**3/6 + 10*n. Let i(g) = g - 2. Let s be i(3). Suppose j + 0 = -s. Determine x(j).
-1
Let j(m) = -m + 2. Let w be j(-3). Let v(c) be the first derivative of -c**4/4 + 4*c**3/3 + 5*c**2/2 - 256. What is v(w)?
0
Let k be 4/5*(-25)/(-5). Suppose 2*i = -k*u + 62, 9 = u + i - 6. Suppose p + u = -5*l - 4, p = 5. Let c(w) = -w - 10. Calculate c(l).
-5
Suppose 5*f = z + z + 96, 0 = -2*z + 4. Suppose 7*q = 11*q - f. Let c(j) = j - 4. Determine c(q).
1
Let z(j) = -5*j**2 - 9*j**2 + 15*j**2 + 0 + 2*j + 0*j**2 - 4. Calculate z(-7).
31
Let b(o) = o**2 - o + 10. Let j(v) = -v**3 + 39*v**2 - 41*v + 114. Let s be j(38). What is b(s)?
10
Let i be (1/3)/((-12)/(-216)). Let x(k) = -i - 7 + k + 15 - 2*k. What is x(6)?
-4
Let u(n) = n**2 + 13*n + 13. Let l = 414 - 424. What is u(l)?
-17
Let j(o) be the first derivative of -o**3/3 + 2*o**2 + 6*o + 1. Let g(z) = -21 + z + z**2 + 3*z + 15 + 0*z**2. Let i be g(-6). Determine j(i).
-6
Let i(j) = 17*j**2 + 11 - 12 - 13*j + 26*j - 14*j. What is i(-1)?
17
Suppose 3*h = 2*g + 3, 0 = -5*h + 10 + 15. Suppose 4*x - 34 = -g. Suppose -3*j = -14 - x. Let d(f) = -f**3 + 7*f**2 + 4. Calculate d(j).
4
Let h(w) = w - 1. Suppose 16 = -r + 20. Suppose 3*g = g + r*i, -5*g - 3*i = 39. Calculate h(g).
-7
Let r = 2 + 15. Let c(x) = -7*x + 23*x - r - 15*x. What is c(0)?
-17
Let y(j) = -6*j. Let i be y(-1). Let d(t) = -1. Let g(n) = 2*n + 2. Let w(h) = -2*d(h) + g(h). Determine w(i).
16
Let i(o) = 0 - 9214*o - 2 + 9219*o. Give i(2).
8
Let q(u) be the third derivative of -u**4/24 - u**3/2 + 3*u**2. Let t be q(-9). Let w(p) be the first derivative of -p**4/4 + 2*p**3 + 4*p + 2. What is w(t)?
4
Let r(k) be the first derivative of k**2/2 + k - 18. Suppose s + m = 5, 3*s - 7*s - 2*m + 10 = 0. Calculate r(s).
1
Let l(j) = -7*j**2 + 3*j + 3. Let u(k) = 6*k**2 - 2*k - 2. Let y(i) = 4*l(i) + 5*u(i). Determine y(-2).
6
Let q(y) = -y + 2. Let t(z) = z - 1. Let g(k) = -4*q(k) - 5*t(k). Determine g(2).
-5
Let z(q) = -q - 2. Let o be (24/3)/((-4)/58). Let l be -4 - o/12 - (-4)/(-6). Determine z(l).
-7
Let m = 166 + -171. Let k(l) = 9*l**2 + 7*l + 11. Let x(u) = 5*u**2 + 4*u + 6. Let j(a) = -6*k(a) + 11*x(a). Determine j(m).
15
Suppose 0 = -f - f - 4*x, 0 = 3*f + 4*x. Let j(b) = -5 + 11*b + 2 + f + 2. Calculate j(1).
10
Suppose -21 - 11 = -8*f. Let p(a) = -4*a - 5 + f*a - a + 3. What is p(6)?
-8
Let w(b) = 3 + 19 + b**3 - 10 - 9 - b. What is w(2)?
9
Suppose -195 = -65*y + 62*y. Let h = y + -76. Let v(d) = -d - 12. Give v(h).
-1
Let x(d) = -5*d**2 - d**3 - d**2 - 9*d - 2*d**2. Suppose 4*q + 40 = 2*w, -15*w + 40 = -10*w. Calculate x(q).
-18
Let w(k) = 10 - 8 + 2 - 2*k - 3 + 0. Give w(4).
-7
Let r(q) = -1 - 3 + 3 + 5 + 1 - 5*q. Determine r(4).
-15
Suppose 4*j + 3 = -1. Let y(d) = -5*d**3 + 2*d**2 + d - 1. Let k be y(j). Let p(g) = -g - 1. Give p(k).
-6
Let n(h) = h**2 - 2 - 1 + 3*h + 2. Let w be n(-4). Let j(k) = -k**3 + 0*k + 3*k - 8 + 3*k**2 + 7 + 0*k**2. Determine j(w).
8
Let w be 4158/(-294) + (-2)/(-14). Let g(c) = -c**3 - 15*c**2 - 12*c - 1. Calculate g(w).
-29
Let s = -63 + 70. Let q(m) = m**3 + 5*m**2 + 5*m + 3. Let g be q(-3). Let i = g - s. Let x(z) = 7*z. Calculate x(i).
-7
Let a(q) be the second derivative of -q**7/2520 + q**6/144 - q**5/60 + 3*q**4/4 + 7*q. Let s(l) be the third